t of 118056?
5
What is the millions digit of 20428534?
0
What is the tens digit of 230565?
6
What is the thousands digit of 341098?
1
What is the hundred thousands digit of 616555?
6
What is the hundreds digit of 392565?
5
What is the thousands digit of 671616?
1
What is the units digit of 643090?
0
What is the thousands digit of 822891?
2
What is the ten thousands digit of 4689303?
8
What is the ten thousands digit of 1274022?
7
What is the ten thousands digit of 2718762?
1
What is the units digit of 24629?
9
What is the units digit of 328148?
8
What is the units digit of 2826324?
4
What is the thousands digit of 2966124?
6
What is the thousands digit of 12595245?
5
What is the thousands digit of 150122?
0
What is the ten millions digit of 12135122?
1
What is the tens digit of 132825?
2
What is the ten thousands digit of 934743?
3
What is the tens digit of 7320282?
8
What is the tens digit of 5357061?
6
What is the tens digit of 7022050?
5
What is the hundreds digit of 1305054?
0
What is the ten thousands digit of 14279335?
7
What is the ten thousands digit of 1133346?
3
What is the thousands digit of 6571261?
1
What is the hundred thousands digit of 8540011?
5
What is the thousands digit of 159769?
9
What is the units digit of 3390824?
4
What is the millions digit of 24674842?
4
What is the ten thousands digit of 21865659?
6
What is the units digit of 2371401?
1
What is the hundreds digit of 273213?
2
What is the units digit of 801515?
5
What is the hundred thousands digit of 210256?
2
What is the ten millions digit of 14058082?
1
What is the hundred thousands digit of 561546?
5
What is the hundreds digit of 1602353?
3
What is the millions digit of 3099127?
3
What is the hundreds digit of 41644?
6
What is the hundred thousands digit of 684201?
6
What is the tens digit of 198177?
7
What is the thousands digit of 99190?
9
What is the tens digit of 719927?
2
What is the units digit of 1786996?
6
What is the hundreds digit of 941072?
0
What is the tens digit of 18769012?
1
What is the hundred thousands digit of 189388?
1
What is the units digit of 18636?
6
What is the hundreds digit of 5270293?
2
What is the hundred thousands digit of 1841230?
8
What is the ten thousands digit of 4684825?
8
What is the tens digit of 137630?
3
What is the ten thousands digit of 3655011?
5
What is the thousands digit of 355807?
5
What is the tens digit of 1608073?
7
What is the hundreds digit of 124219?
2
What is the millions digit of 6501078?
6
What is the units digit of 81304?
4
What is the thousands digit of 561551?
1
What is the hundred thousands digit of 146159?
1
What is the tens digit of 326420?
2
What is the hundreds digit of 2429575?
5
What is the ten thousands digit of 473991?
7
What is the thousands digit of 329364?
9
What is the millions digit of 3503021?
3
What is the tens digit of 963108?
0
What is the thousands digit of 228163?
8
What is the hundred thousands digit of 7840182?
8
What is the units digit of 288434?
4
What is the hundred thousands digit of 2391580?
3
What is the hundreds digit of 310970?
9
What is the thousands digit of 1102452?
2
What is the millions digit of 2794507?
2
What is the units digit of 96225?
5
What is the tens digit of 596865?
6
What is the tens digit of 449871?
7
What is the hundred thousands digit of 1486296?
4
What is the units digit of 256062?
2
What is the hundreds digit of 1569737?
7
What is the tens digit of 4902350?
5
What is the hundred thousands digit of 6131585?
1
What is the units digit of 988718?
8
What is the hundreds digit of 1171788?
7
What is the tens digit of 337077?
7
What is the hundred thousands digit of 4391345?
3
What is the ten thousands digit of 230516?
3
What is the thousands digit of 17522091?
2
What is the thousands digit of 18243?
8
What is the units digit of 57885?
5
What is the millions digit of 30794178?
0
What is the thousands digit of 1098153?
8
What is the hundreds digit of 105379?
3
What is the ten thousands digit of 124603?
2
What is the tens digit of 880335?
3
What is the hundred thousands digit of 10911496?
9
What is the hundreds digit of 753061?
0
What is the ten thousands digit of 835475?
3
What is the ten millions digit of 17282204?
1
What is the tens digit of 3243166?
6
What is the tens digit of 560980?
8
What is the hundred thousands digit of 359862?
3
What is the hundred thousands digit of 200192?
2
What is the thousands digit of 217021?
7
What is the hundred thousands digit of 252155?
2
What is the hundred thousands digit of 425107?
4
What is the millions digit of 8899143?
8
What is the ten thousands digit of 789638?
8
What is the units digit of 2781741?
1
What is the millions digit of 1404058?
1
What is the hundred thousands digit of 194634?
1
What is the thousands digit of 135149?
5
What is the units digit of 2301690?
0
What is the thousands digit of 18207904?
7
What is the tens digit of 478339?
3
What is the hundreds digit of 16669899?
8
What is the ten thousands digit of 2918372?
1
What is the millions digit of 14998196?
4
What is the ten thousands digit of 17765574?
6
What is the ten thousands digit of 258523?
5
What is the millions digit of 1818051?
1
What is the units digit of 1949018?
8
What is the ten thousands digit of 2580954?
8
What is the hundreds digit of 85441?
4
What is the ten thousands digit of 7189995?
8
What is the millions digit of 3016622?
3
What is the millions digit of 5457833?
5
What is the hundreds digit of 667517?
5
What is the hundred thousands digit of 1110841?
1
What is the thousands digit of 2194770?
4
What is the hundreds digit of 4763991?
9
What is the hundreds digit of 3995071?
0
What is the units digit of 113554?
4
What is the hundred thousands digit of 2557151?
5
What is the hundred thousands digit of 1158321?
1
What is the tens digit of 476804?
0
What is the ten thousands digit of 256818?
5
What is the hundreds digit of 446945?
9
What is the millions digit of 1265347?
1
What is the millions digit of 7059780?
7
What is the millions digit of 19977454?
9
What is the units digit of 14697742?
2
What is the hundred thousands digit of 4609420?
6
What is the hundreds digit of 497164?
1
What is the ten thousands digit of 929108?
2
What is the ten thousands digit of 1115895?
1
What is the ten thousands digit of 554378?
5
What is the ten millions digit of 12260984?
1
What is the hundreds digit of 3567578?
5
What is the ten millions digit of 38113572?
3
What is the units digit of 679085?
5
What is the hundred thousands digit of 2478081?
4
What is the units digit of 2832745?
5
What is the units digit of 6663083?
3
What is the hundred thousands digit of 612591?
6
What is the millions digit of 5333862?
5
What is the hundreds digit of 715577?
5
What is the units digit of 1491836?
6
What is the ten thousands digit of 5598142?
9
What is the hundreds digit of 6801605?
6
What is the units digit of 333376?
6
What is the thousands digit of 230161?
0
What is the ten thousands digit of 104968?
0
What is the hundred thousands digit of 5380234?
3
What is the hundreds digit of 300461?
4
What is the units digit of 225790?
0
What is the tens digit of 441649?
4
What is the millions digit of 4126372?
4
What is the units digit of 125584?
4
What is the millions digit of 1974071?
1
What is the hundreds digit of 1963187?
1
What is the ten thousands digit of 342622?
4
What is the hundreds digit of 171029?
0
What is the thousands digit of 35769904?
9
What is the units digit of 978146?
6
What is the thousands digit of 3855603?
5
What is the ten thousands digit of 187341?
8
What is the thousands digit of 79089?
9
What is the hundred thousands digit of 451844?
4
What is the hundred thousands digit of 8764477?
7
What is the ten thousands digit of 1063504?
6
What is the units digit of 1686?
6
What is the hundreds digit of 75185?
1
What is the hundred thousands digit of 121052?
1
What is the units digit of 19698483?
3
What is the thousands digit of 38450515?
0
What is the thousands digit of 1469064?
9
What is the ten millions digit of 19138640?
1
What is the hundred thousands digit of 326923?
3
What is the hundreds digit of 475459?
4
What is the ten thousands digit of 79999?
7
What is the ten thousands digit of 894158?
9
What is the millions digit of 3931990?
3
What is the thous